et s(k) = 4*k**2 - 94*k + 276. Give s(20).
-4
Let d(t) = -t**3 - 9*t**2 + 28*t + 65. Give d(-11).
-1
Let d(x) = x**3 + 4*x**2 + 1432*x + 7167. What is d(-5)?
-18
Let w(x) = x**2 + 7*x - 86. Determine w(-14).
12
Let p(g) = -5*g**2 - 159*g + 229. Give p(-34).
-145
Let j(f) = -277*f + 2498. Give j(9).
5
Let i(c) = 341*c**3 - c**2 + 9*c + 9. What is i(-1)?
-342
Let d(x) = -4*x**2 + 4*x - 491. Give d(0).
-491
Let j(v) = -19*v**3 - 4*v**2 - v - 12. Determine j(-2).
126
Let g(t) = -2*t**3 + 6*t**2 - 17*t + 61. What is g(4)?
-39
Let m(b) = -21*b - 823. What is m(-39)?
-4
Let a(r) = r**2 + 320*r + 23655. Determine a(-204).
-9
Let i(n) = 3*n**2 + 95*n - 124. Give i(-40).
876
Let s(c) = 6*c**2 + 199*c + 28. What is s(-33)?
-5
Let t(x) = 62*x - 426. What is t(7)?
8
Let l(q) = q**3 + 4*q**2 - 9*q + 11. What is l(-6)?
-7
Let x(d) = -2*d**3 - 15*d**2 - 93*d - 24. Give x(-5).
316
Let j(t) = -16*t + 1219. Give j(53).
371
Let i(z) = 4*z**2 + 22913*z - 22914. Give i(1).
3
Let o(v) = 4*v**2 + 31*v - 31. Determine o(-11).
112
Let j(p) = 3*p**3 - 40*p**2 + 9*p + 70. What is j(13)?
18
Let n(b) = -5*b**2 - 31*b - 94. What is n(-5)?
-64
Let d(m) = -864*m - 1746. Give d(-2).
-18
Let i(c) = -2*c**3 + 43*c**2 + 51*c + 392. Calculate i(23).
-22
Let n(c) = 9*c + 113. Calculate n(-13).
-4
Let d(o) = o**3 - 33*o**2 - 105*o - 123. Determine d(36).
-15
Let k(n) = 120*n - 30. What is k(3)?
330
Let b(m) = -m**3 - 23*m**2 + 66*m + 500. Calculate b(-25).
100
Let b(a) = 38*a + 3134. Give b(-81).
56
Let c(l) = 293*l - 68279. Calculate c(233).
-10
Let b(i) = -328*i - 11781. Give b(-36).
27
Let d(u) = u**3 - 60*u**2 - 51*u - 620. Determine d(61).
-10
Let n(v) = 103*v + 524. What is n(-5)?
9
Let b(o) = -o**2 + 44*o + 128. What is b(-3)?
-13
Let g(d) = 231*d + 2094. Calculate g(-9).
15
Let d(n) = 144*n + 5195. Determine d(-36).
11
Let m(v) = 10*v**3 + 400*v**2 - v - 45. Calculate m(-40).
-5
Let s(g) = 195*g - 2139. Calculate s(11).
6
Let k(f) = -2*f + 72. Calculate k(-21).
114
Let b(n) = n**3 + 21*n**2 - 8. Determine b(-21).
-8
Let m(v) = 93*v**3 + v**2 - 5*v - 5. What is m(-1)?
-92
Let i(m) = -5*m**3 - 95*m**2 - 15*m - 266. Determine i(-19).
19
Let q(l) = 35*l**2 - 979*l + 5. Calculate q(28).
33
Let q(u) = -u**3 - 10*u**2 + 6*u + 80. Give q(-9).
-55
Let n(y) = -149*y + 838. What is n(4)?
242
Let f(m) = 30*m**2 - 14*m + 6. What is f(1)?
22
Let t(w) = w**3 + 56*w**2 - 26*w + 1750. Calculate t(-57).
-17
Let u(y) = y**3 - 53*y**2 + 665*y + 66. Give u(21).
-81
Let d(w) = -3*w**2 - 11*w + 92. Calculate d(-10).
-98
Let g(d) = 7*d**2 - 19*d + 19. Give g(3).
25
Let w(i) = 9*i**2 + 6*i - 16. Determine w(3).
83
Let m(n) = n**3 - 3*n**2 + 9*n - 8. What is m(5)?
87
Let s(d) = 52*d - 1078. What is s(20)?
-38
Let t(d) = d**2 + 9*d + 68. Calculate t(-4).
48
Let h(z) = z**3 - 40*z**2 + 228*z + 32. Calculate h(33).
-67
Let h(w) = -36*w + 1503. What is h(41)?
27
Let j(a) = -a**2 + 40*a - 114. Give j(0).
-114
Let b(t) = -2*t**2 + 108*t + 161. Determine b(54).
161
Let y(p) = -66*p - 380. What is y(-9)?
214
Let d(p) = -18*p + 28. What is d(0)?
28
Let k(y) = -23*y**2 + 66*y + 4. Give k(3).
-5
Let u(i) = -i**3 - 33*i**2 - 30*i + 17. Calculate u(-32).
-47
Let b(u) = -2*u**3 - 10*u**2 - 487*u - 2446. What is b(-5)?
-11
Let c(t) = -t**3 + 76*t**2 + 52*t + 1924. Give c(77).
-1
Let b(f) = 117*f**3 + 8*f - 7. Give b(1).
118
Let h(l) = -3*l**3 - 5*l**2 - 65*l - 126. Give h(-2).
8
Let d(g) = g**3 + 10*g**2 + 22*g - 23. What is d(-6)?
-11
Let p(s) = 3*s**3 - 3*s**2 + 4*s - 1. Calculate p(3).
65
Let v(g) = 34*g + 169. Determine v(-4).
33
Let u(r) = r**3 + 15*r**2 - 34*r - 8. Calculate u(-17).
-8
Let f(x) = 626*x - 6856. Determine f(11).
30
Let d(a) = 97*a + 1783. Determine d(-16).
231
Let f(o) = -2*o**2 + 222*o - 15. What is f(111)?
-15
Let m(x) = 325*x - 1256. What is m(4)?
44
Let r(x) = 4*x**2 - 157*x + 341. Determine r(37).
8
Let v(t) = -5*t**2 - 361*t + 2691. Give v(-79).
5
Let o(y) = y**3 - 10*y**2 - 8*y + 28. Determine o(11).
61
Let x(u) = u**3 - 32*u**2 + 183*u - 4716. Calculate x(31).
-4
Let v(l) = -l**3 - 46*l**2 - 55*l - 378. Determine v(-45).
72
Let h(m) = m**2 + 26*m - 180. Give h(5).
-25
Let j(d) = d**2 + 90*d + 1185. Give j(-16).
1
Let y(t) = -53*t + 504. Determine y(7).
133
Let f(g) = -26*g**2 - 785*g - 147. Calculate f(-30).
3
Let m(n) = 8*n**2 - 105*n - 320. Calculate m(-3).
67
Let f(s) = s**2 - 66*s + 244. What is f(62)?
-4
Let u(b) = -4*b**3 - 326*b**2 - 164*b - 144. Give u(-81).
18
Let i(g) = -g**2 - 47*g - 497. Calculate i(-24).
55
Let a(w) = 2*w**2 + 110*w + 224. Calculate a(-53).
12
Let f(t) = t**3 + 16*t**2 + 59*t + 30. Calculate f(-11).
-14
Let n(a) = -43*a**3 - a**2 - 3*a - 2. What is n(-1)?
43
Let z(q) = q**3 + 9*q**2 - 21*q - 48. Determine z(-11).
-59
Let z(m) = -m**3 - 19*m**2 + 7*m + 113. Give z(-19).
-20
Let w(p) = 168*p + 28398. What is w(-169)?
6
Let j(y) = 9*y**3 + 8*y**2 + 27*y + 3. Give j(-2).
-91
Let m(j) = j**2 + 182*j + 4203. What is m(-155)?
18
Let a(o) = 73*o**3 + 12*o**2 - 8*o - 2. Give a(1).
75
Let u(y) = 98*y - 43. Give u(1).
55
Let d(c) = 2*c**3 + 29*c**2 + 71*c + 10. What is d(-11)?
76
Let d(p) = -367*p**3 + 13*p - 13. What is d(1)?
-367
Let v(m) = m**3 - 28*m**2 + 39*m + 333. Determine v(26).
-5
Let z(o) = -o**2 + 61*o - 703. Determine z(23).
171
Let u(i) = i**3 - 59*i**2 + 61*i - 186. Give u(58).
-12
Let y(f) = 63*f + 100. Give y(-1).
37
Let w(i) = -20*i - 141. What is w(12)?
-381
Let g(l) = -l**3 + 60*l**2 - 776*l - 127. Calculate g(41).
-4
Let t(x) = -x**3 - 11*x**2 - 13*x + 7. Give t(-8).
-81
Let g(a) = -2*a**3 - 13*a**2 - 30*a - 124. Determine g(-6).
20
Let n(h) = 66*h**2 - 6663*h - 299. Determine n(101).
4
Let i(v) = v**2 - 100*v + 1061. What is i(15)?
-214
Let x(m) = m**3 - 4*m**2 - 9*m + 16. Give x(5).
-4
Let l(z) = -z**3 + 5*z**2 - 20*z + 121. Give l(5).
21
Let z(g) = 6*g**3 + 108*g**2 + 2*g + 42. Calculate z(-18).
6
Let x(w) = -323*w - 4819. What is x(-15)?
26
Let f(z) = z**3 - 6*z**2 - 43*z + 38. What is f(13)?
662
Let h(a) = 30967*a + 61938. What is h(-2)?
4
Let g(j) = -7*j**2 - 69*j + 16. Calculate g(-10).
6
Let i(a) = -2*a**2 + 33*a - 122. What is i(9)?
13
Let q(n) = 2*n**2 + 50*n - 72. Determine q(-29).
160
Let t(n) = 5*n - 86. Calculate t(-4).
-106
Let p(u) = u**3 - 67*u**2 + 1101*u + 36. What is p(38)?
-2
Let n(p) = -69*p**2 + 193*p + 330. Calculate n(4).
-2
Let d(n) = -15*n + 410. Calculate d(26).
20
Let t(c) = c**3 - 6*c**2 + 2*c + 77. Determine t(-4).
-91
Let g(x) = -2*x**3 - 98*x**2 - 194*x - 288. Calculate g(-47).
-6
Let r(w) = -7*w + 106. Calculate r(-28).
302
Let q(z) = 10*z - 153. Determine q(-32).
-473
Let k(b) = -3*b**3 + 59*b**2 + 84*b - 19. Give k(21).
-19
Let d(u) = 483*u + 4719. Give d(-10).
-111
Let d(l) = -9*l**2 - 359*l + 43. Calculate d(-40).
3
Let o(s) = -1089*s - 6539. Calculate o(-6).
-5
Let j(m) = -2*m**2 - 15*m + 44. Determine j(-10).
-6
Let g(f) = -f**2 + 49*f - 338. Give g(37).
106
Let y(a) = -a**3 - 11*a**2 - 11*a + 34. Give y(-8).
-70
Let f(b) = b**2 + 105*b + 596. Determine f(-6).
2
Let u(v) = 135*v**2 + 17*v - 17. Determine u(1).
135
Let p(b) = 2*b**2 + 235*b - 1745. What is p(7)?
-2
Let r(a) = -93*a + 12455. Calculate r(134).
-7
Let j(t) = 200*t + 1034. Determine j(-5).
34
Let t(f) = -237*f - 1038. What is t(-3)?
-327
Let z(c) = c**2 + 109*c + 2652. What is z(-39)?
-78
Let i(j) = -j**3 - j**2 - 5*j + 71. What is i(0)?
71
Let h(y) = -y**3 + 28*y**2 - 67*y - 1101. Calculate h(23).
3
Let n(l) = l**3 + 35*l**2 + 236*l + 58. Determine n(-26).
6
Let c(u) = 2*u**2 + 7*u + 19. Calculate c(-14).
313
Let c(z) = 15*z - 166. Calculate c(11).
-1
Let k(r) = -547*r - 6012. Determine k(-11).
5
Let y(t) = -6*t - 123. What is y(13)?
-201
Let c(q) = -3*q**2 + 1106*q + 15. Calculate c(0).
15
Let w(c) = 61*c**3 + 2*c**2 + 4*c + 3. Calculate w(-1).
-60
Let g(k) = 22*k - 68. Calculate g(-3).
-134
Let u(j) = -j**2 + 6*j + 834. Determine u(32).
2
Let c(j) = 2*j**3 + 2*j**2 - 36*j - 7. Give c(5).
113
Let j(m) = m**3 - 12*m**2 + 9*m + 11. Calculate j(8).
-173
Let m(h) = -h**2 - 33*h - 2. Determine m(-6).
160
Let k(q) = -83*q**3 + q**2 - q - 3. What is k(-1)?
82
Let z(p) = -12*p**3 - 7*p**2 - 11*p - 6. Give z(-3).
288
Let b(v) = 2*v**3 - 73*v**2 + 158*v + 416. What is b(34)?
8
Let m(c) = -c**3 - 22*c**2 - 8*c - 13. Give m(-22).
163
Let h(j) = 539*j 